 113
What are the prime factors of 280665?
3, 5, 7, 11
What are the prime factors of 1854295?
5, 137, 2707
What are the prime factors of 5575422?
2, 3, 17, 47, 1163
What are the prime factors of 11526193?
7, 43, 149, 257
What are the prime factors of 635620?
2, 5, 61, 521
List the prime factors of 34774.
2, 17387
What are the prime factors of 210064?
2, 19, 691
What are the prime factors of 56368?
2, 13, 271
What are the prime factors of 50852?
2, 12713
List the prime factors of 832555.
5, 269, 619
List the prime factors of 6502049.
6502049
List the prime factors of 30944450.
2, 5, 29, 21341
List the prime factors of 592706.
2, 296353
List the prime factors of 8939331.
3, 17, 58427
List the prime factors of 1031073.
3, 19, 18089
What are the prime factors of 109041?
3, 19, 1913
List the prime factors of 6614299.
19, 337, 1033
What are the prime factors of 555659?
13, 42743
List the prime factors of 1142699.
811, 1409
List the prime factors of 16633929.
3, 13, 59, 7229
What are the prime factors of 5314635?
3, 5, 89, 1327
What are the prime factors of 6132718?
2, 887, 3457
What are the prime factors of 345144?
2, 3, 73, 197
What are the prime factors of 7294479?
3, 17, 281, 509
List the prime factors of 388996.
2, 79, 1231
List the prime factors of 114389.
11, 10399
List the prime factors of 15672182.
2, 7836091
List the prime factors of 356810.
2, 5, 31, 1151
What are the prime factors of 147383?
19, 7757
List the prime factors of 2362476.
2, 3, 196873
List the prime factors of 798.
2, 3, 7, 19
List the prime factors of 2819602.
2, 431, 3271
What are the prime factors of 7038925?
5, 281557
List the prime factors of 329824.
2, 11, 937
What are the prime factors of 528806?
2, 264403
List the prime factors of 27592865.
5, 1231, 4483
What are the prime factors of 3254147?
13, 53, 4723
List the prime factors of 23639973.
3, 7, 1125713
What are the prime factors of 291396?
2, 3, 7, 3469
List the prime factors of 243417.
3, 41, 1979
List the prime factors of 910424.
2, 317, 359
What are the prime factors of 94556?
2, 7, 11, 307
List the prime factors of 16031682.
2, 3, 32987
What are the prime factors of 526749?
3, 71, 2473
List the prime factors of 323489.
43, 7523
What are the prime factors of 2765301?
3, 7, 11, 11971
List the prime factors of 6337725.
3, 5, 84503
List the prime factors of 94566.
2, 3, 15761
List the prime factors of 967496.
2, 120937
List the prime factors of 143774.
2, 71887
What are the prime factors of 86712?
2, 3, 3613
List the prime factors of 6340026.
2, 3, 7, 11, 13723
List the prime factors of 982531.
11, 179, 499
What are the prime factors of 435479?
11, 59, 61
What are the prime factors of 1649266?
2, 41, 20113
What are the prime factors of 55192?
2, 6899
List the prime factors of 663280.
2, 5, 8291
What are the prime factors of 5135804?
2, 163, 7877
What are the prime factors of 514602?
2, 3, 11, 23, 113
What are the prime factors of 4930139?
19, 37, 7013
List the prime factors of 7377294.
2, 3, 41, 29989
What are the prime factors of 202025?
5, 8081
What are the prime factors of 320985?
3, 5, 7, 1019
What are the prime factors of 36028?
2, 9007
List the prime factors of 140858.
2, 70429
What are the prime factors of 177962?
2, 101, 881
List the prime factors of 1009929.
3, 336643
List the prime factors of 1273439.
577, 2207
What are the prime factors of 332946?
2, 3, 53, 349
List the prime factors of 374805.
3, 5, 8329
What are the prime factors of 211253?
7, 103, 293
What are the prime factors of 21955045?
5, 7, 311, 2017
List the prime factors of 113061.
3, 13, 223
What are the prime factors of 194643?
3, 89
List the prime factors of 5134275.
3, 5, 19, 1201
List the prime factors of 246812.
2, 61703
What are the prime factors of 346763?
346763
What are the prime factors of 2872048?
2, 17, 10559
List the prime factors of 5584366.
2, 19, 223, 659
What are the prime factors of 29927?
29927
List the prime factors of 6284006.
2, 37, 84919
What are the prime factors of 514348?
2, 149, 863
What are the prime factors of 7700975?
5, 23, 59, 227
What are the prime factors of 236215?
5, 7, 17, 397
List the prime factors of 605812.
2, 17, 59, 151
What are the prime factors of 467804?
2, 107, 1093
What are the prime factors of 15117912?
2, 3, 209971
What are the prime factors of 124313?
7, 43, 59
What are the prime factors of 5434491?
3, 199, 9103
What are the prime factors of 1963595?
5, 43, 9133
List the prime factors of 102203.
102203
What are the prime factors of 204459?
3, 17, 19, 211
List the prime factors of 79297.
179, 443
What are the prime factors of 27866640?
2, 3, 5, 67, 1733
What are the prime factors of 2528753?
103, 24551
What are the prime factors of 2274989?
181, 12569
List the prime factors of 707182.
2, 7, 50513
What are the prime factors of 405061?
19, 21319
List the prime factors of 33217966.
2, 17, 19, 51421
What are the prime factors of 178784?
2, 37, 151
List the prime factors of 1380759.
3, 23, 20011
What are the prime factors of 25818?
2, 3, 13, 331
List the prime factors of 2724704.
2, 85147
What are the prime factors of 30331395?
3, 5, 224677
List the prime factors of 4577964.
2, 3, 17, 22441
What are the prime factors of 21007?
7, 3001
What are the prime factors of 224160?
2, 3, 5, 467
What are the prime factors of 28999172?
2, 389, 18637
List the prime factors of 1425041.
71, 20071
List the prime factors of 47766.
2, 3, 19, 419
What are the prime factors of 18590672?
2, 83, 13999
List the prime factors of 38054343.
3, 12684781
List the prime factors of 6608039.
1567, 4217
List the prime factors of 308403.
3, 34267
What are the prime factors of 343022?
2, 23, 7457
List the prime factors of 1666991.
1666991
What are the prime factors of 2223967?
2223967
List the prime factors of 468611.
11, 13, 29, 113
List the prime factors of 405382.
2, 17, 11923
What are the prime factors of 244931?
31, 7901
What are the prime factors of 162881?
162881
List the prime factors of 14745709.
11, 113, 11863
What are the prime factors of 10436941?
89, 117269
List the prime factors of 167768.
2, 67, 313
What are the prime factors of 5828568?
2, 3, 23, 10559
List the prime factors of 189874.
2, 139, 683
List the prime factors of 251536.
2, 79, 199
List the prime factors of 30970956.
2, 3, 29, 88997
List the prime factors of 88841.
73, 1217
List the prime factors of 3765849.
3, 31, 40493
What are the prime factors of 1111357?
13, 53, 1613
What are the prime factors of 2709028?
2, 7, 31, 3121
What are the prime factors of 111169?
19, 5851
List the prime factors of 972675.
3, 5, 11, 131
What are the prime factors of 12143437?
37, 47, 6983
List the prime factors of 537437.
79, 6803
What are the prime factors of 2061767?
41, 50287
List the prime factors of 16938633.
3, 19, 297169
What are the prime factors of 360732?
2, 3, 23, 1307
What are the prime factors of 15068199?
3, 5022733
List the prime factors of 1950380.
2, 5, 113, 863
What are the prime factors of 341094?
2, 3, 13, 4373
What are the prime factors of 2420069?
17, 142357
What are the prime factors of 17479?
7, 11, 227
List the prime factors of 32853984.
2, 3, 29, 11801
What are the prime factors of 769088?
2, 61, 197
What are the prime factors of 152779?
11, 17, 19, 43
List the prime factors of 1364204.
2, 61, 5591
What are the prime factors of 1627048?
2, 203381
What are the prime factors of 983623?
971, 1013
What are the prime factors of 10918973?
13, 839921
List the prime factors of 7344310.
2, 5, 734431
What are the prime factors of 18578321?
4231, 4391
List the prime factors of 15763885.
5, 41, 131, 587
List the prime factors of 30358855.
5, 17, 577, 619
List the prime factors of 44380.
2, 5, 7, 317
List the prime factors of 413630.
2, 5, 7, 19, 311
What are the prime factors of 1386009?
3, 154001
What are the prime factors of 1157228?
2, 193, 1499
List the prime factors of 1194526.
2, 597263
What are the prime factors of 14404359?
3, 37, 129769
What are the prime factors of 939859?
47, 19997
What are the prime factors of 1584296?
2, 7, 19, 1489
List the prime factors of 31467.
3, 17, 617
List the prime factors of 3109115.
5, 43, 14461
List the prime factors of 11859712.
2, 46327
List the prime factors of 1621411.
11, 147401
List the prime factors of 559342.